 remainder when 2580 is divided by 21?
18
What is the remainder when 1346 is divided by 40?
26
Calculate the remainder when 818 is divided by 810.
8
Calculate the remainder when 83 is divided by 42.
41
What is the remainder when 417 is divided by 48?
33
What is the remainder when 7381 is divided by 52?
49
Calculate the remainder when 1243 is divided by 96.
91
What is the remainder when 3043 is divided by 1516?
11
What is the remainder when 1438 is divided by 699?
40
What is the remainder when 107 is divided by 54?
53
Calculate the remainder when 1005 is divided by 6.
3
What is the remainder when 123 is divided by 28?
11
Calculate the remainder when 180 is divided by 19.
9
Calculate the remainder when 79 is divided by 31.
17
What is the remainder when 4503 is divided by 26?
5
Calculate the remainder when 49 is divided by 27.
22
What is the remainder when 17302 is divided by 103?
101
What is the remainder when 303 is divided by 38?
37
What is the remainder when 1059 is divided by 82?
75
Calculate the remainder when 6257 is divided by 14.
13
Calculate the remainder when 4541 is divided by 64.
61
What is the remainder when 348 is divided by 2?
0
Calculate the remainder when 385 is divided by 43.
41
Calculate the remainder when 45 is divided by 7.
3
Calculate the remainder when 781 is divided by 194.
5
Calculate the remainder when 465 is divided by 465.
0
Calculate the remainder when 127 is divided by 12.
7
What is the remainder when 225 is divided by 116?
109
Calculate the remainder when 599 is divided by 20.
19
Calculate the remainder when 22157 is divided by 8.
5
Calculate the remainder when 172 is divided by 6.
4
Calculate the remainder when 44 is divided by 41.
3
What is the remainder when 136 is divided by 54?
28
Calculate the remainder when 269 is divided by 34.
31
Calculate the remainder when 56321 is divided by 189.
188
Calculate the remainder when 41 is divided by 32.
9
What is the remainder when 3513 is divided by 153?
147
What is the remainder when 362 is divided by 96?
74
Calculate the remainder when 100 is divided by 41.
18
What is the remainder when 1920 is divided by 321?
315
What is the remainder when 8 is divided by 4?
0
What is the remainder when 30 is divided by 22?
8
Calculate the remainder when 236 is divided by 54.
20
What is the remainder when 2045 is divided by 31?
30
Calculate the remainder when 202 is divided by 34.
32
What is the remainder when 1029 is divided by 81?
57
Calculate the remainder when 8692 is divided by 7.
5
Calculate the remainder when 161 is divided by 61.
39
What is the remainder when 343 is divided by 59?
48
What is the remainder when 23 is divided by 23?
0
Calculate the remainder when 146 is divided by 77.
69
Calculate the remainder when 209 is divided by 10.
9
Calculate the remainder when 166 is divided by 28.
26
Calculate the remainder when 775 is divided by 8.
7
Calculate the remainder when 112 is divided by 51.
10
Calculate the remainder when 114 is divided by 20.
14
What is the remainder when 10192 is divided by 22?
6
Calculate the remainder when 558 is divided by 12.
6
What is the remainder when 3240 is divided by 22?
6
Calculate the remainder when 171 is divided by 37.
23
What is the remainder when 4884 is divided by 9?
6
Calculate the remainder when 55 is divided by 6.
1
Calculate the remainder when 112 is divided by 59.
53
Calculate the remainder when 197 is divided by 136.
61
Calculate the remainder when 2935 is divided by 14.
9
Calculate the remainder when 6912 is divided by 364.
360
Calculate the remainder when 68 is divided by 36.
32
What is the remainder when 97 is divided by 21?
13
What is the remainder when 3818 is divided by 147?
143
What is the remainder when 10737 is divided by 60?
57
What is the remainder when 1058 is divided by 1047?
11
What is the remainder when 35 is divided by 13?
9
What is the remainder when 47 is divided by 17?
13
What is the remainder when 159 is divided by 32?
31
Calculate the remainder when 327 is divided by 81.
3
What is the remainder when 593 is divided by 578?
15
What is the remainder when 114 is divided by 52?
10
What is the remainder when 868 is divided by 426?
16
What is the remainder when 954 is divided by 137?
132
What is the remainder when 102 is divided by 8?
6
Calculate the remainder when 71 is divided by 10.
1
What is the remainder when 183 is divided by 35?
8
What is the remainder when 89 is divided by 10?
9
What is the remainder when 375 is divided by 179?
17
What is the remainder when 150 is divided by 27?
15
Calculate the remainder when 842 is divided by 80.
42
What is the remainder when 325 is divided by 48?
37
What is the remainder when 122 is divided by 102?
20
What is the remainder when 524 is divided by 107?
96
What is the remainder when 6173 is divided by 31?
4
What is the remainder when 1039 is divided by 176?
159
What is the remainder when 314 is divided by 61?
9
What is the remainder when 229 is divided by 116?
113
What is the remainder when 28 is divided by 7?
0
Calculate the remainder when 95 is divided by 29.
8
Calculate the remainder when 310 is divided by 13.
11
Calculate the remainder when 11100 is divided by 13.
11
What is the remainder when 552 is divided by 195?
162
Calculate the remainder when 633 is divided by 91.
87
Calculate the remainder when 22 is divided by 5.
2
What is the remainder when 1532 is divided by 64?
60
What is the remainder when 149 is divided by 8?
5
Calculate the remainder when 3412 is divided by 343.
325
Calculate the remainder when 1282 is divided by 421.
19
Calculate the remainder when 1350 is divided by 8.
6
What is the remainder when 493 is divided by 121?
9
What is the remainder when 181 is divided by 92?
89
Calculate the remainder when 301 is divided by 18.
13
Calculate the remainder when 414 is divided by 16.
14
Calculate the remainder when 858 is divided by 202.
50
What is the remainder when 304 is divided by 39?
31
Calculate the remainder when 52 is divided by 14.
10
What is the remainder when 386 is divided by 67?
51
Calculate the remainder when 123 is divided by 16.
11
Calculate the remainder when 2065 is divided by 160.
145
What is the remainder when 5820 is divided by 112?
108
What is the remainder when 60 is divided by 21?
18
What is the remainder when 66 is divided by 8?
2
Calculate the remainder when 258 is divided by 44.
38
What is the remainder when 747 is divided by 55?
32
Calculate the remainder when 1409 is divided by 142.
131
Calculate the remainder when 86 is divided by 70.
16
What is the remainder when 286 is divided by 97?
92
What is the remainder when 446 is divided by 127?
65
Calculate the remainder when 15 is divided by 6.
3
What is the remainder when 2019 is divided by 25?
19
Calculate the remainder when 212 is divided by 43.
40
Calculate the remainder when 51 is divided by 9.
6
Calculate the remainder when 254 is divided by 93.
68
What is the remainder when 321 is divided by 26?
9
Calculate the remainder when 813 is divided by 75.
63
Calculate the remainder when 179 is divided by 20.
19
What is the remainder when 7317 is divided by 366?
363
Calculate the remainder when 2047 is divided by 16.
15
What is the remainder when 1994 is divided by 78?
44
What is the remainder when 86 is divided by 26?
8
What is the remainder when 795 is divided by 790?
5
What is the remainder when 185 is divided by 48?
41
What is the remainder when 2521 is divided by 50?
21
Calculate the remainder when 645 is divided by 10.
5
What is the remainder when 935 is divided by 42?
11
What is the remainder when 84 is divided by 33?
18
Calculate the remainder when 382 is divided by 43.
38
Calculate the remainder when 509 is divided by 168.
5
What is the remainder when 178 is divided by 50?
28
Calculate the remainder when 130 is divided by 3.
1
What is the remainder when 113 is divided by 13?
9
What is the remainder when 15 is divided by 8?
7
Calculate the remainder when 219 is divided by 54.
3
What is the remainder when 13126 is divided by 101?
97
Calculate the remainder when 53 is divided by 18.
17
Calculate the remainder when 1499 is divided by 47.
42
Calculate the remainder when 85 is divided by 15.
10
Calculate the remainder when 3429 is divided by 26.
23
What is the remainder when 42 is divided b